{"id":330,"date":"2017-05-16T13:51:39","date_gmt":"2017-05-16T13:51:39","guid":{"rendered":"http:\/\/www.auvifdemaplume.fr\/?page_id=330"},"modified":"2018-05-25T14:22:20","modified_gmt":"2018-05-25T14:22:20","slug":"mentions-legales","status":"publish","type":"page","link":"https:\/\/www.auvifdemaplume.fr\/index.php\/mentions-legales\/","title":{"rendered":"Mentions L\u00e9gales"},"content":{"rendered":"<p style=\"text-align: center;\"><strong><span style=\"font-size: 14pt;\">Auteure<\/span><br \/>\n<\/strong>Isabelle Estournet-Djehizian<br \/>\n<a href=\"mailto:auvifdemaplume@gmail.com\">auvifdemaplume@gmail.com<\/a><\/p>\n<p style=\"text-align: center;\"><span style=\"font-size: 14pt;\"><strong>Responsable de publication<\/strong><\/span><br \/>\nJuliette Grossmann<br \/>\n<a href=\"mailto:jgrossmann301295@gmail.com\">jgrossmann301295@gmail.com<\/a><\/p>\n<p style=\"text-align: center;\"><span style=\"font-size: 14pt;\"><strong>Webmaster<\/strong><\/span><br \/>\nCl\u00e9ment Le Cou\u00e9dic<br \/>\n<a href=\"mailto:clementlecouedic@gmail.com\">clementlecouedic@gmail.com<\/a><\/p>\n<p style=\"text-align: center;\"><strong><span style=\"font-size: 14pt;\">Graphiste<\/span><br \/>\n<\/strong>Denis Grasswill<br \/>\n<span class=\"s1\">deA\u00e0Zen &#8211; <a href=\"mailto:deaazendesign@gmail.com\"><span class=\"s2\">deaazendesign@gmail.com<\/span><\/a><\/span><\/p>\n<p style=\"text-align: center;\"><strong><span style=\"font-size: 14pt;\">H\u00e9bergeur<\/span><br \/>\n<\/strong>OVH<br \/>\nSi\u00e8ge social : 2 rue Kellermann<br \/>\n59100 Roubaix \u2013 France<\/p>\n<p style=\"text-align: left;\"><span style=\"font-size: 14pt;\"><strong>Droits d&#8217;auteur<\/strong><\/span><\/p>\n<p><span style=\"font-size: 12pt;\">Toute repr\u00e9sentation totale ou partielle de ce blog par quelque personne que ce soit, sans l\u2019autorisation expresse de Isabelle Estournet-Djehizian, est interdite et constituerait une contrefa\u00e7on sanctionn\u00e9e par les articles L. 335-2 et suivants du Code de la propri\u00e9t\u00e9 intellectuelle.\u00a0Il est interdit de r\u00e9utiliser ou de reproduire le contenu du site, incluant tout ou partie des textes, le design, les photos ou autres ressources iconographiques.<\/span><\/p>\n<p><strong>Protection des donn\u00e9es selon la Directive RGPD<\/strong><\/p>\n<p>Les informations recueillies lors de l&#8217;inscription \u00e0 la newsletter sont enregistr\u00e9es dans un fichier informatis\u00e9 par l&#8217;auteure du site et sont uniquement destin\u00e9es \u00e0\u00a0communiquer mensuellement\u00a0les nouveaux articles du blog.<\/p>\n<p>Conform\u00e9ment \u00e0 la Loi Informatique et Libert\u00e9, vous pouvez exercer votre droit d&#8217;acc\u00e8s aux donn\u00e9es et les faire rectifier en contactant : auvifdemaplume@gmail.com<\/p>\n","protected":false},"excerpt":{"rendered":"<p style=\"text-align: center;\"><strong>Auteure<br \/>\n<\/strong>Isabelle Estournet-Djehizian<br \/>\n<a href=\"mailto:auvifdemaplume@gmail.com\">auvifdemaplume@gmail.com<\/a><\/p>\n<p style=\"text-align: center;\"><strong>Responsable de publication<\/strong><br \/>\nJuliette Grossmann<br \/>\n<a href=\"mailto:jgrossmann301295@gmail.com\">jgrossmann301295@gmail.com<\/a><\/p>\n<p style=\"text-align: center;\"><strong>Webmaster<\/strong><br \/>\nCl\u00e9ment Le Cou\u00e9dic<br \/>\n<a href=\"mailto:clementlecouedic@gmail.com\">clementlecouedic@gmail.com<\/a><\/p>\n<p style=\"text-align: center;\"><strong>Graphiste<br \/>\n<\/strong>Denis Grasswill<br \/>\ndeA\u00e0Zen &#8211; <a href=\"mailto:deaazendesign@gmail.com\">deaazendesign@gmail.com<\/a><\/p>\n<p style=\"text-align: center;\"><strong>H\u00e9bergeur<br \/>\n<\/strong>OVH<br \/>\nSi\u00e8ge social : 2 rue Kellermann<br \/>\n59100 Roubaix \u2013 France<\/p>\n<p style=\"text-align: left;\"><strong>Droits d&#8217;auteur<\/strong><\/p>\n<p>Toute repr\u00e9sentation totale ou partielle de ce blog par quelque personne que ce soit, sans l\u2019autorisation expresse de Isabelle Estournet-Djehizian, est interdite et constituerait une contrefa\u00e7on sanctionn\u00e9e par les articles L. 335-2 et suivants du Code de la propri\u00e9t\u00e9 intellectuelle.\u00a0Il est interdit de r\u00e9utiliser ou de reproduire le contenu du site, incluant tout ou partie des textes, le design, les photos ou autres ressources iconographiques.<\/p>\n<p><strong>Protection des donn\u00e9es selon la Directive RGPD<\/strong><\/p>\n<p>Les informations recueillies lors de l&#8217;inscription \u00e0 la newsletter sont enregistr\u00e9es dans un fichier informatis\u00e9 par l&#8217;auteure du site et sont uniquement destin\u00e9es \u00e0\u00a0communiquer mensuellement\u00a0les nouveaux articles du blog.<\/p>\n","protected":false},"author":3,"featured_media":0,"parent":0,"menu_order":0,"comment_status":"closed","ping_status":"closed","template":"","meta":{"_exactmetrics_skip_tracking":false,"_exactmetrics_sitenote_active":false,"_exactmetrics_sitenote_note":"","_exactmetrics_sitenote_category":0,"footnotes":""},"class_list":["post-330","page","type-page","status-publish","hentry"],"_links":{"self":[{"href":"https:\/\/www.auvifdemaplume.fr\/index.php\/wp-json\/wp\/v2\/pages\/330","targetHints":{"allow":["GET"]}}],"collection":[{"href":"https:\/\/www.auvifdemaplume.fr\/index.php\/wp-json\/wp\/v2\/pages"}],"about":[{"href":"https:\/\/www.auvifdemaplume.fr\/index.php\/wp-json\/wp\/v2\/types\/page"}],"author":[{"embeddable":true,"href":"https:\/\/www.auvifdemaplume.fr\/index.php\/wp-json\/wp\/v2\/users\/3"}],"replies":[{"embeddable":true,"href":"https:\/\/www.auvifdemaplume.fr\/index.php\/wp-json\/wp\/v2\/comments?post=330"}],"version-history":[{"count":17,"href":"https:\/\/www.auvifdemaplume.fr\/index.php\/wp-json\/wp\/v2\/pages\/330\/revisions"}],"predecessor-version":[{"id":1430,"href":"https:\/\/www.auvifdemaplume.fr\/index.php\/wp-json\/wp\/v2\/pages\/330\/revisions\/1430"}],"wp:attachment":[{"href":"https:\/\/www.auvifdemaplume.fr\/index.php\/wp-json\/wp\/v2\/media?parent=330"}],"curies":[{"name":"wp","href":"https:\/\/api.w.org\/{rel}","templated":true}]}}