{"id":1106,"date":"2017-11-03T09:52:43","date_gmt":"2017-11-03T09:52:43","guid":{"rendered":"http:\/\/www.auvifdemaplume.fr\/?page_id=1106"},"modified":"2020-03-07T16:42:27","modified_gmt":"2020-03-07T16:42:27","slug":"rendez-vous","status":"publish","type":"page","link":"https:\/\/www.auvifdemaplume.fr\/index.php\/rendez-vous\/","title":{"rendered":"Momig le spectacle"},"content":{"rendered":"<p style=\"text-align: center;\"><span style=\"font-size: 14pt; color: #7d1047;\"><strong><br \/>\nL&#8217;aventure de la petite bougie continue&#8230; <\/strong><\/span><\/p>\n<p style=\"text-align: center;\"><span style=\"font-size: 14pt; color: #7d1047;\"><strong>MOMIG revient au th\u00e9\u00e2tre&#8230; \u00e0 Paris !<\/strong><\/span><\/p>\n<p>Un spectacle m\u00ealant th\u00e9\u00e2tre, musique et lecture, que j&#8217;ai construit \u00e0 partir de ma trilogie litt\u00e9raire\u00a0\u00a0<strong><em>Momig<\/em><\/strong>, <em><strong>Le Ventre et la Plume <\/strong><\/em>et\u00a0<strong><em>Que ma voix demeure<\/em><\/strong>.<\/p>\n<p>MOMIG, c&#8217;est l&#8217;histoire d&#8217;une petite bougie qui ne savait pas qu&#8217;en osant \u00e9clairer les t\u00e9n\u00e8bres, elle allait d\u00e9couvrir les couleurs de la vie.<br \/>\nUn conte sur les racines, la f\u00e9minit\u00e9, la libert\u00e9.<br \/>\nUn chemin de vie d\u00e9licat et puissant qui donne une furieuse envie d&#8217;\u00eatre soi-m\u00eame !<\/p>\n<p>Je vous emm\u00e8ne sur une route qui m\u00e8ne d&#8217;une enfance catholique \u00e0 une maternit\u00e9 juive, d&#8217;une origine inconnue \u00e0 la r\u00e9alit\u00e9 des h\u00e9ritages, de la grande Histoire \u00e0 la petite&#8230;La mienne, la v\u00f4tre, la n\u00f4tre&#8230;. Et j&#8217;ai la chance d&#8217;\u00eatre accompagn\u00e9e sur sc\u00e8ne par Artyom Minasyan et son doudouk, fl\u00fbte arm\u00e9nienne au son embl\u00e9matique de l&#8217;\u00e2me de ce grand peuple.<\/p>\n<p>Chaque spectacle sera suivi d\u2019une s\u00e9ance de d\u00e9dicace&#8230; au plaisir de vous y retrouver!<\/p>\n<p>Avec toute ma flamme,<\/p>\n<p><img loading=\"lazy\" decoding=\"async\" class=\"alignnone wp-image-368\" src=\"http:\/\/www.auvifdemaplume.fr\/wp-content\/uploads\/2017\/05\/SIGNATURE-02-300x151.png\" alt=\"\" width=\"121\" height=\"61\" srcset=\"https:\/\/www.auvifdemaplume.fr\/wp-content\/uploads\/2017\/05\/SIGNATURE-02-300x151.png 300w, https:\/\/www.auvifdemaplume.fr\/wp-content\/uploads\/2017\/05\/SIGNATURE-02-483x242.png 483w, https:\/\/www.auvifdemaplume.fr\/wp-content\/uploads\/2017\/05\/SIGNATURE-02-360x181.png 360w, https:\/\/www.auvifdemaplume.fr\/wp-content\/uploads\/2017\/05\/SIGNATURE-02-600x301.png 600w, https:\/\/www.auvifdemaplume.fr\/wp-content\/uploads\/2017\/05\/SIGNATURE-02-263x132.png 263w, https:\/\/www.auvifdemaplume.fr\/wp-content\/uploads\/2017\/05\/SIGNATURE-02.png 743w\" sizes=\"auto, (max-width: 121px) 100vw, 121px\" \/><\/p>\n<p><span style=\"text-decoration: underline;\">Dates :<\/span><\/p>\n<div><span style=\"color: #7d1047;\"><strong>Tous les jeudis du 14 f\u00e9vrier au 25 avril 2019 <\/strong><\/span><br \/>\n20:30 &#8211; 21:45<br \/>\n<strong>Th\u00e9o Th\u00e9\u00e2tre :\u00a0<\/strong><strong>20 rue Th\u00e9odore Deck &#8211; 75015 Paris<\/strong><\/div>\n<div><strong>R\u00e9servations<\/strong><\/div>\n<div>Par t\u00e9l\u00e9phone : 01 45 54 00 16 (avec le code &#8220;duduk&#8221; pour avoir une r\u00e9duction)<\/div>\n<div>Ou directement en ligne sur Billet Reduc :<\/div>\n<div><a href=\"https:\/\/www.billetreduc.com\/search.htm?ar=momig&amp;type=3\" data-saferedirecturl=\"https:\/\/www.google.com\/url?q=https:\/\/www.billetreduc.com\/search.htm?ar%3Dmomig%26type%3D3&amp;source=gmail&amp;ust=1546964432058000&amp;usg=AFQjCNH1At8TiRWZN_tCnNM8riGgaNXNAw\">www.billetreduc.com\/search.htm?ar=momig&amp;type=3<\/a><\/div>\n<div><\/div>\n","protected":false},"excerpt":{"rendered":"<p style=\"text-align: center;\"><strong><br \/>\nL&#8217;aventure de la petite bougie continue&#8230; <\/strong><\/p>\n<p style=\"text-align: center;\"><strong>MOMIG revient au th\u00e9\u00e2tre&#8230; \u00e0 Paris !<\/strong><\/p>\n<p>Un spectacle m\u00ealant th\u00e9\u00e2tre, musique et lecture, que j&#8217;ai construit \u00e0 partir de ma trilogie litt\u00e9raire\u00a0\u00a0<strong><em>Momig<\/em><\/strong>, <em><strong>Le Ventre et la Plume <\/strong><\/em>et\u00a0<strong><em>Que ma voix demeure<\/em><\/strong>.<\/p>\n<p>MOMIG, c&#8217;est l&#8217;histoire d&#8217;une petite bougie qui ne savait pas qu&#8217;en osant \u00e9clairer les t\u00e9n\u00e8bres, elle allait d\u00e9couvrir les couleurs de la vie.<br \/>\nUn conte sur les racines, la f\u00e9minit\u00e9, la libert\u00e9.<br \/>\nUn chemin de vie d\u00e9licat et puissant qui donne une furieuse envie d&#8217;\u00eatre soi-m\u00eame !<\/p>\n<p>Je vous emm\u00e8ne sur une route qui m\u00e8ne d&#8217;une enfance catholique \u00e0 une maternit\u00e9 juive, d&#8217;une origine inconnue \u00e0 la r\u00e9alit\u00e9 des h\u00e9ritages, de la grande Histoire \u00e0 la petite&#8230;La mienne, la v\u00f4tre, la n\u00f4tre&#8230;.<\/p>\n","protected":false},"author":2,"featured_media":1695,"parent":0,"menu_order":0,"comment_status":"closed","ping_status":"closed","template":"page-normal-sidebar.php","meta":{"_exactmetrics_skip_tracking":false,"_exactmetrics_sitenote_active":false,"_exactmetrics_sitenote_note":"","_exactmetrics_sitenote_category":0,"footnotes":""},"class_list":["post-1106","page","type-page","status-publish","has-post-thumbnail","hentry"],"_links":{"self":[{"href":"https:\/\/www.auvifdemaplume.fr\/index.php\/wp-json\/wp\/v2\/pages\/1106","targetHints":{"allow":["GET"]}}],"collection":[{"href":"https:\/\/www.auvifdemaplume.fr\/index.php\/wp-json\/wp\/v2\/pages"}],"about":[{"href":"https:\/\/www.auvifdemaplume.fr\/index.php\/wp-json\/wp\/v2\/types\/page"}],"author":[{"embeddable":true,"href":"https:\/\/www.auvifdemaplume.fr\/index.php\/wp-json\/wp\/v2\/users\/2"}],"replies":[{"embeddable":true,"href":"https:\/\/www.auvifdemaplume.fr\/index.php\/wp-json\/wp\/v2\/comments?post=1106"}],"version-history":[{"count":35,"href":"https:\/\/www.auvifdemaplume.fr\/index.php\/wp-json\/wp\/v2\/pages\/1106\/revisions"}],"predecessor-version":[{"id":1947,"href":"https:\/\/www.auvifdemaplume.fr\/index.php\/wp-json\/wp\/v2\/pages\/1106\/revisions\/1947"}],"wp:featuredmedia":[{"embeddable":true,"href":"https:\/\/www.auvifdemaplume.fr\/index.php\/wp-json\/wp\/v2\/media\/1695"}],"wp:attachment":[{"href":"https:\/\/www.auvifdemaplume.fr\/index.php\/wp-json\/wp\/v2\/media?parent=1106"}],"curies":[{"name":"wp","href":"https:\/\/api.w.org\/{rel}","templated":true}]}}